{"id":3954,"date":"2023-07-05T22:25:25","date_gmt":"2023-07-06T01:25:25","guid":{"rendered":"https:\/\/wistor.com.br\/blog\/?page_id=3954"},"modified":"2024-05-28T21:30:23","modified_gmt":"2024-05-29T00:30:23","slug":"somos-a-wistor","status":"publish","type":"page","link":"https:\/\/wistor.com.br\/blog\/somos-a-wistor\/","title":{"rendered":"Somos a Wistor"},"content":{"rendered":"<h1>Wistor: Revolucionando o Mercado de Guarda M\u00f3veis no Brasil<\/h1>\n<p><span class=\"penci-dropcap-box\">P<\/span>repare-se para uma nova era de conveni\u00eancia e praticidade com a Wistor &#8211; a pioneira startup de aluguel de espa\u00e7os para guardar coisas na Am\u00e9rica Latina!<\/p>\n<p>Desde sua funda\u00e7\u00e3o em 2016, a Wistor foi uma plataforma disruptiva, conectando pessoas e pequenos estabelecimentos comerciais \u00e0queles que precisavam de espa\u00e7o tempor\u00e1rio para armazenar seus pertences e estoques. Imaginem o <span class=\"penci-highlighted-blue\"><strong>&#8220;Airbnb dos espa\u00e7os para guardar coisas&#8221;<\/strong><\/span> &#8211; era exatamente isso que n\u00f3s \u00e9ramos e continuamos amando.<\/p>\n<p>Ap\u00f3s dois anos de incans\u00e1vel dedica\u00e7\u00e3o, testes e, \u00e9 claro, clientes incr\u00edveis, decidimos dar uma pausa tempor\u00e1ria nas opera\u00e7\u00f5es. Mas nossa vis\u00e3o permanece intacta e, portanto, continuamos acreditando que as pessoas possam facilitar as suas vidas anunciando e monetizando os seus espa\u00e7os vagos em resid\u00eancias e com\u00e9rcios para que outras guardem suas coisas com praticidade, pre\u00e7os acess\u00edveis e muita tecnologia.<\/p>\n<p>Acreditamos firmemente no poder da economia colaborativa e estamos determinados a continuar deixando nossa marca na hist\u00f3ria. A Wistor est\u00e1 mais viva do que nunca! Embora em um ritmo mais tranquilo, estamos comprometidos em compartilhar conte\u00fado de alta qualidade sobre mobilidade, im\u00f3veis, log\u00edstica, tecnologia e inova\u00e7\u00e3o.<\/p>\n<p>\u00c9 uma honra t\u00ea-lo(a) conosco em nossa jornada. Esperamos que esteja apreciando os nossos conte\u00fados e tenha se juntado a n\u00f3s nessa miss\u00e3o de democratizar o acesso \u00e0 economia compartilhada.<\/p>\n<p>Bem-vindo(a) \u00e0 Wistor &#8211; onde o futuro se encontra com a tradi\u00e7\u00e3o!<\/p>\n<p>Confira nossa participa\u00e7\u00e3o no programa <a href=\"https:\/\/globoplay.globo.com\/v\/5914581\/\" target=\"_blank\" rel=\"noopener\">\u00c9 de Casa<\/a> da Globo e na <a href=\"https:\/\/exame.com\/invest\/minhas-financas\/aluguel-de-espaco-em-casa-e-opcao-de-renda-extra\/\" target=\"_blank\" rel=\"noopener\">Exame.<\/a><\/p>\n<p>Wistor &#8211; Um Novo Jeito de Guardar Coisas<\/p>\n<p>Franz Bories &#8211; Cofundador &#8211;\u00a0<a href=\"https:\/\/www.linkedin.com\/in\/franzbories\/\" target=\"_blank\" rel=\"noopener\">Linkedin<\/a><\/p>\n","protected":false},"excerpt":{"rendered":"<p>Wistor: Revolucionando o Mercado de Guarda M\u00f3veis no Brasil Prepare-se para uma nova era de conveni\u00eancia e praticidade com a Wistor &#8211;&hellip;<\/p>\n","protected":false},"author":1,"featured_media":0,"parent":0,"menu_order":0,"comment_status":"closed","ping_status":"closed","template":"","meta":{"_lmt_disableupdate":"no","_lmt_disable":"","footnotes":""},"class_list":["post-3954","page","type-page","status-publish","hentry"],"yoast_head":"<!-- This site is optimized with the Yoast SEO plugin v27.3 - https:\/\/yoast.com\/product\/yoast-seo-wordpress\/ -->\n<title>Somos a Wistor<\/title>\n<meta name=\"description\" content=\"Solu\u00e7\u00e3o pioneira para guarda m\u00f3veis e self storage colaborativo. Refer\u00eancia em cote\u00fado nos setores imobili\u00e1rio e log\u00edstico.\" \/>\n<meta name=\"robots\" content=\"index, follow, max-snippet:-1, max-image-preview:large, max-video-preview:-1\" \/>\n<link rel=\"canonical\" href=\"https:\/\/wistor.com.br\/blog\/somos-a-wistor\/\" \/>\n<meta property=\"og:locale\" content=\"pt_BR\" \/>\n<meta property=\"og:type\" content=\"article\" \/>\n<meta property=\"og:title\" content=\"Somos a Wistor\" \/>\n<meta property=\"og:description\" content=\"Solu\u00e7\u00e3o pioneira para guarda m\u00f3veis e self storage colaborativo. Refer\u00eancia em cote\u00fado nos setores imobili\u00e1rio e log\u00edstico.\" \/>\n<meta property=\"og:url\" content=\"https:\/\/wistor.com.br\/blog\/somos-a-wistor\/\" \/>\n<meta property=\"og:site_name\" content=\"Wistor\" \/>\n<meta property=\"article:publisher\" content=\"https:\/\/www.facebook.com\/wishastorage\/\" \/>\n<meta property=\"article:modified_time\" content=\"2024-05-29T00:30:23+00:00\" \/>\n<meta name=\"twitter:card\" content=\"summary_large_image\" \/>\n<meta name=\"twitter:label1\" content=\"Est. tempo de leitura\" \/>\n\t<meta name=\"twitter:data1\" content=\"2 minutos\" \/>\n<!-- \/ Yoast SEO plugin. -->","yoast_head_json":{"title":"Somos a Wistor","description":"Solu\u00e7\u00e3o pioneira para guarda m\u00f3veis e self storage colaborativo. Refer\u00eancia em cote\u00fado nos setores imobili\u00e1rio e log\u00edstico.","robots":{"index":"index","follow":"follow","max-snippet":"max-snippet:-1","max-image-preview":"max-image-preview:large","max-video-preview":"max-video-preview:-1"},"canonical":"https:\/\/wistor.com.br\/blog\/somos-a-wistor\/","og_locale":"pt_BR","og_type":"article","og_title":"Somos a Wistor","og_description":"Solu\u00e7\u00e3o pioneira para guarda m\u00f3veis e self storage colaborativo. Refer\u00eancia em cote\u00fado nos setores imobili\u00e1rio e log\u00edstico.","og_url":"https:\/\/wistor.com.br\/blog\/somos-a-wistor\/","og_site_name":"Wistor","article_publisher":"https:\/\/www.facebook.com\/wishastorage\/","article_modified_time":"2024-05-29T00:30:23+00:00","twitter_card":"summary_large_image","twitter_misc":{"Est. tempo de leitura":"2 minutos"},"schema":{"@context":"https:\/\/schema.org","@graph":[{"@type":"WebPage","@id":"https:\/\/wistor.com.br\/blog\/somos-a-wistor\/","url":"https:\/\/wistor.com.br\/blog\/somos-a-wistor\/","name":"Somos a Wistor","isPartOf":{"@id":"https:\/\/wistor.com.br\/blog\/#website"},"datePublished":"2023-07-06T01:25:25+00:00","dateModified":"2024-05-29T00:30:23+00:00","description":"Solu\u00e7\u00e3o pioneira para guarda m\u00f3veis e self storage colaborativo. Refer\u00eancia em cote\u00fado nos setores imobili\u00e1rio e log\u00edstico.","breadcrumb":{"@id":"https:\/\/wistor.com.br\/blog\/somos-a-wistor\/#breadcrumb"},"inLanguage":"pt-BR","potentialAction":[{"@type":"ReadAction","target":["https:\/\/wistor.com.br\/blog\/somos-a-wistor\/"]}]},{"@type":"BreadcrumbList","@id":"https:\/\/wistor.com.br\/blog\/somos-a-wistor\/#breadcrumb","itemListElement":[{"@type":"ListItem","position":1,"name":"Home","item":"https:\/\/wistor.com.br\/blog\/"},{"@type":"ListItem","position":2,"name":"Somos a Wistor"}]},{"@type":"WebSite","@id":"https:\/\/wistor.com.br\/blog\/#website","url":"https:\/\/wistor.com.br\/blog\/","name":"Wistor","description":"O blog inovador de empreendedorismo, setores imobili\u00e1rio e log\u00edstico.","potentialAction":[{"@type":"SearchAction","target":{"@type":"EntryPoint","urlTemplate":"https:\/\/wistor.com.br\/blog\/?s={search_term_string}"},"query-input":{"@type":"PropertyValueSpecification","valueRequired":true,"valueName":"search_term_string"}}],"inLanguage":"pt-BR"}]}},"_links":{"self":[{"href":"https:\/\/wistor.com.br\/blog\/wp-json\/wp\/v2\/pages\/3954","targetHints":{"allow":["GET"]}}],"collection":[{"href":"https:\/\/wistor.com.br\/blog\/wp-json\/wp\/v2\/pages"}],"about":[{"href":"https:\/\/wistor.com.br\/blog\/wp-json\/wp\/v2\/types\/page"}],"author":[{"embeddable":true,"href":"https:\/\/wistor.com.br\/blog\/wp-json\/wp\/v2\/users\/1"}],"replies":[{"embeddable":true,"href":"https:\/\/wistor.com.br\/blog\/wp-json\/wp\/v2\/comments?post=3954"}],"version-history":[{"count":6,"href":"https:\/\/wistor.com.br\/blog\/wp-json\/wp\/v2\/pages\/3954\/revisions"}],"predecessor-version":[{"id":4435,"href":"https:\/\/wistor.com.br\/blog\/wp-json\/wp\/v2\/pages\/3954\/revisions\/4435"}],"wp:attachment":[{"href":"https:\/\/wistor.com.br\/blog\/wp-json\/wp\/v2\/media?parent=3954"}],"curies":[{"name":"wp","href":"https:\/\/api.w.org\/{rel}","templated":true}]}}